{"id":2,"date":"2022-05-16T00:46:21","date_gmt":"2022-05-15T22:46:21","guid":{"rendered":"https:\/\/hollarka.net\/2022\/guestion\/?page_id=2"},"modified":"2022-06-02T14:17:33","modified_gmt":"2022-06-02T12:17:33","slug":"zkusebni-stranka","status":"publish","type":"page","link":"https:\/\/hollarka.net\/2022\/question\/","title":{"rendered":""},"content":{"rendered":"\n<p class=\"has-text-align-center\">Jedn\u00e1 se o kr\u00e1tk\u00fd animovan\u00fd videoklip s vlo\u017eenou z\u00e1pletkou, kter\u00fd ka\u017ed\u00fd pochop\u00ed po sv\u00e9m, vlo\u017e\u00ed do n\u011bj vlastn\u00ed zku\u0161enost. Nudn\u00fd \u010dernob\u00edl\u00fd sv\u011bt s identick\u00fdmi budovami, kde se cosi \u010dern\u00e9ho vloupe a v\u0161e prom\u011bn\u00ed v \u010dernou pr\u00e1zdnotu. Hlavn\u00edho hrdinu pron\u00e1sleduje hrozn\u00e9 stvo\u0159en\u00ed, zd\u00e1lo by se, \u017ee nen\u00ed \u017e\u00e1dn\u00e1 nad\u011bje. Kdy\u017e se najednou v naprost\u00e9 tm\u011b objev\u00ed mal\u00e1 b\u00edl\u00e1 ryba. Co to je a kam to povede? Vyvede ho to z temnoty? Nebo nen\u00ed nad\u011bje?<\/p>\n\n\n\n<figure class=\"wp-block-video\"><video controls src=\"https:\/\/hollarka.net\/2022\/question\/wp-content\/uploads\/2022\/06\/film_nelia_YouTube.mp4\"><\/video><\/figure>\n","protected":false},"excerpt":{"rendered":"<p>Jedn\u00e1 se o kr\u00e1tk\u00fd animovan\u00fd videoklip s vlo\u017eenou z\u00e1pletkou, kter\u00fd ka\u017ed\u00fd pochop\u00ed po sv\u00e9m, vlo\u017e\u00ed do n\u011bj vlastn\u00ed zku\u0161enost. Nudn\u00fd \u010dernob\u00edl\u00fd sv\u011bt s identick\u00fdmi budovami, kde se cosi \u010dern\u00e9ho vloupe a v\u0161e prom\u011bn\u00ed v \u010dernou pr\u00e1zdnotu. Hlavn\u00edho hrdinu pron\u00e1sleduje hrozn\u00e9 stvo\u0159en\u00ed, zd\u00e1lo by se, \u017ee nen\u00ed \u017e\u00e1dn\u00e1 nad\u011bje. Kdy\u017e se najednou v naprost\u00e9 tm\u011b objev\u00ed &hellip; <\/p>\n<p class=\"link-more\"><a href=\"https:\/\/hollarka.net\/2022\/question\/\" class=\"more-link\">Pokra\u010dovat ve \u010dten\u00ed<span class=\"screen-reader-text\"> &#8222;&#8220;<\/span><\/a><\/p>\n","protected":false},"author":1,"featured_media":0,"parent":0,"menu_order":0,"comment_status":"closed","ping_status":"open","template":"","meta":{"footnotes":""},"class_list":["post-2","page","type-page","status-publish","hentry"],"_links":{"self":[{"href":"https:\/\/hollarka.net\/2022\/question\/wp-json\/wp\/v2\/pages\/2","targetHints":{"allow":["GET"]}}],"collection":[{"href":"https:\/\/hollarka.net\/2022\/question\/wp-json\/wp\/v2\/pages"}],"about":[{"href":"https:\/\/hollarka.net\/2022\/question\/wp-json\/wp\/v2\/types\/page"}],"author":[{"embeddable":true,"href":"https:\/\/hollarka.net\/2022\/question\/wp-json\/wp\/v2\/users\/1"}],"replies":[{"embeddable":true,"href":"https:\/\/hollarka.net\/2022\/question\/wp-json\/wp\/v2\/comments?post=2"}],"version-history":[{"count":20,"href":"https:\/\/hollarka.net\/2022\/question\/wp-json\/wp\/v2\/pages\/2\/revisions"}],"predecessor-version":[{"id":148,"href":"https:\/\/hollarka.net\/2022\/question\/wp-json\/wp\/v2\/pages\/2\/revisions\/148"}],"wp:attachment":[{"href":"https:\/\/hollarka.net\/2022\/question\/wp-json\/wp\/v2\/media?parent=2"}],"curies":[{"name":"wp","href":"https:\/\/api.w.org\/{rel}","templated":true}]}}